{"id":8287,"date":"2025-04-21T19:58:36","date_gmt":"2025-04-21T19:58:36","guid":{"rendered":"https:\/\/sysinn.net\/wim.no\/?post_type=anbefalt-litteratur&#038;p=8287"},"modified":"2025-05-23T11:28:59","modified_gmt":"2025-05-23T11:28:59","slug":"148-with-god-on-our-side","status":"publish","type":"anbefalt-litteratur","link":"https:\/\/wim.no\/en\/anbefalt-litteratur\/53-islam-og-samfunn\/148-with-god-on-our-side\/","title":{"rendered":"Med Gud p\u00e5 v\u00e5r side"},"content":{"rendered":"<div class=\"page-header\">\n<h1>Med Gud p\u00e5 v\u00e5r side<\/h1>\n<p><img fetchpriority=\"high\" decoding=\"async\" class=\"alignnone size-medium wp-image-8288\" src=\"https:\/\/sysinn.net\/wim.no\/wp-content\/uploads\/2025\/04\/withgodonourside-224x300.jpg\" alt=\"\" width=\"224\" height=\"300\" srcset=\"https:\/\/wim.no\/wp-content\/uploads\/2025\/04\/withgodonourside-224x300.jpg 224w, https:\/\/wim.no\/wp-content\/uploads\/2025\/04\/withgodonourside.jpg 487w\" sizes=\"(max-width: 224px) 100vw, 224px\" \/><\/p>\n<p>I \u00abkrigen mot terrorisme\u00bb tror alle at de har Gud p\u00e5 sin side. Osama bin Laden p\u00e5kaller jevnlig Gud, slik president George Bush gj\u00f8r. Mens Bush ser verden i termer av \u00abgodt\u00bb og \u00abondt\u00bb og regelmessig uttrykker utenrikspolitikk i teologiske termer, mener Bin Laden at han kjemper en global jihad mot islams korsfarerfiender.<\/p>\n<p>N\u00e5r religion brukes til \u00e5 konstruere et svart-hvitt verdensbilde, kan en slik overforenkling gi opphav til radikale ideologier, noe de ekstremistiske evangeliske utkantene av kristendom og islam har bevist. Mainstream-muslimer og kristne har uttrykt stor bekymring over presidentens n\u00e6rhet til den kristne h\u00f8yresiden \u2013 som stemte i millionvis for president Bushs gjenvalg \u2013 og spesielt over evangeliske ledere som pastor Franklin Graham, som ser islam og kristendom som skjebnebestemt \u00abtil \u00e5 kjempe mot hverandre frem til Kristi gjenkomst\u00bb.<\/p>\n<p>With God on Our Side gir en kritikk av den nykonservative bevegelsen og utforsker naturen til deres uhellige allianse med den evangeliske kristne h\u00f8yresiden. Den unders\u00f8ker de politiske konsekvensene av denne fornyede evangeliseringen i forhold til Israel og virkningen for fred i Midt\u00f8sten. Den fors\u00f8ker ogs\u00e5 \u00e5 forst\u00e5 de n\u00e5v\u00e6rende manifestasjonene av muslimsk ekstremisme i verden.<\/p>\n<\/div>\n","protected":false},"author":11,"featured_media":8288,"parent":0,"template":"","meta":{"_acf_changed":false,"site-sidebar-layout":"default","site-content-layout":"","ast-site-content-layout":"full-width-container","site-content-style":"default","site-sidebar-style":"default","ast-global-header-display":"","ast-banner-title-visibility":"","ast-main-header-display":"","ast-hfb-above-header-display":"","ast-hfb-below-header-display":"","ast-hfb-mobile-header-display":"","site-post-title":"","ast-breadcrumbs-content":"","ast-featured-img":"","footer-sml-layout":"","theme-transparent-header-meta":"default","adv-header-id-meta":"","stick-header-meta":"","header-above-stick-meta":"","header-main-stick-meta":"","header-below-stick-meta":"","astra-migrate-meta-layouts":"set","ast-page-background-enabled":"default","ast-page-background-meta":{"desktop":{"background-color":"var(--ast-global-color-5)","background-image":"","background-repeat":"repeat","background-position":"center center","background-size":"auto","background-attachment":"scroll","background-type":"","background-media":"","overlay-type":"","overlay-color":"","overlay-opacity":"","overlay-gradient":""},"tablet":{"background-color":"","background-image":"","background-repeat":"repeat","background-position":"center center","background-size":"auto","background-attachment":"scroll","background-type":"","background-media":"","overlay-type":"","overlay-color":"","overlay-opacity":"","overlay-gradient":""},"mobile":{"background-color":"","background-image":"","background-repeat":"repeat","background-position":"center center","background-size":"auto","background-attachment":"scroll","background-type":"","background-media":"","overlay-type":"","overlay-color":"","overlay-opacity":"","overlay-gradient":""}},"ast-content-background-meta":{"desktop":{"background-color":"var(--ast-global-color-4)","background-image":"","background-repeat":"repeat","background-position":"center center","background-size":"auto","background-attachment":"scroll","background-type":"","background-media":"","overlay-type":"","overlay-color":"","overlay-opacity":"","overlay-gradient":""},"tablet":{"background-color":"var(--ast-global-color-4)","background-image":"","background-repeat":"repeat","background-position":"center center","background-size":"auto","background-attachment":"scroll","background-type":"","background-media":"","overlay-type":"","overlay-color":"","overlay-opacity":"","overlay-gradient":""},"mobile":{"background-color":"var(--ast-global-color-4)","background-image":"","background-repeat":"repeat","background-position":"center center","background-size":"auto","background-attachment":"scroll","background-type":"","background-media":"","overlay-type":"","overlay-color":"","overlay-opacity":"","overlay-gradient":""}}},"categories":[56],"class_list":["post-8287","anbefalt-litteratur","type-anbefalt-litteratur","status-publish","has-post-thumbnail","hentry","category-53-islam-og-samfunn"],"acf":[],"yoast_head":"<!-- This site is optimized with the Yoast SEO Premium plugin v25.4 (Yoast SEO v26.6) - https:\/\/yoast.com\/wordpress\/plugins\/seo\/ -->\n<title>Med Gud p\u00e5 v\u00e5r side - Wim.no<\/title>\n<meta name=\"robots\" content=\"index, follow, max-snippet:-1, max-image-preview:large, max-video-preview:-1\" \/>\n<link rel=\"canonical\" href=\"https:\/\/wim.no\/anbefalt-litteratur\/53-islam-og-samfunn\/148-with-god-on-our-side\/\" \/>\n<meta property=\"og:locale\" content=\"en_US\" \/>\n<meta property=\"og:type\" content=\"article\" \/>\n<meta property=\"og:title\" content=\"Med Gud p\u00e5 v\u00e5r side\" \/>\n<meta property=\"og:description\" content=\"Med Gud p\u00e5 v\u00e5r side I \u00abkrigen mot terrorisme\u00bb tror alle at de har Gud p\u00e5 sin side. Osama bin Laden p\u00e5kaller jevnlig Gud, slik president George Bush gj\u00f8r. Mens [&hellip;]\" \/>\n<meta property=\"og:url\" content=\"https:\/\/wim.no\/anbefalt-litteratur\/53-islam-og-samfunn\/148-with-god-on-our-side\/\" \/>\n<meta property=\"og:site_name\" content=\"Wim.no\" \/>\n<meta property=\"article:modified_time\" content=\"2025-05-23T11:28:59+00:00\" \/>\n<meta property=\"og:image\" content=\"https:\/\/wim.no\/wp-content\/uploads\/2025\/04\/withgodonourside.jpg\" \/>\n\t<meta property=\"og:image:width\" content=\"487\" \/>\n\t<meta property=\"og:image:height\" content=\"651\" \/>\n\t<meta property=\"og:image:type\" content=\"image\/jpeg\" \/>\n<meta name=\"twitter:card\" content=\"summary_large_image\" \/>\n<meta name=\"twitter:label1\" content=\"Est. reading time\" \/>\n\t<meta name=\"twitter:data1\" content=\"1 minute\" \/>\n<script type=\"application\/ld+json\" class=\"yoast-schema-graph\">{\"@context\":\"https:\/\/schema.org\",\"@graph\":[{\"@type\":\"WebPage\",\"@id\":\"https:\/\/wim.no\/anbefalt-litteratur\/53-islam-og-samfunn\/148-with-god-on-our-side\/\",\"url\":\"https:\/\/wim.no\/anbefalt-litteratur\/53-islam-og-samfunn\/148-with-god-on-our-side\/\",\"name\":\"Med Gud p\u00e5 v\u00e5r side - Wim.no\",\"isPartOf\":{\"@id\":\"https:\/\/wim.no\/#website\"},\"primaryImageOfPage\":{\"@id\":\"https:\/\/wim.no\/anbefalt-litteratur\/53-islam-og-samfunn\/148-with-god-on-our-side\/#primaryimage\"},\"image\":{\"@id\":\"https:\/\/wim.no\/anbefalt-litteratur\/53-islam-og-samfunn\/148-with-god-on-our-side\/#primaryimage\"},\"thumbnailUrl\":\"https:\/\/wim.no\/wp-content\/uploads\/2025\/04\/withgodonourside.jpg\",\"datePublished\":\"2025-04-21T19:58:36+00:00\",\"dateModified\":\"2025-05-23T11:28:59+00:00\",\"breadcrumb\":{\"@id\":\"https:\/\/wim.no\/anbefalt-litteratur\/53-islam-og-samfunn\/148-with-god-on-our-side\/#breadcrumb\"},\"inLanguage\":\"en-US\",\"potentialAction\":[{\"@type\":\"ReadAction\",\"target\":[\"https:\/\/wim.no\/anbefalt-litteratur\/53-islam-og-samfunn\/148-with-god-on-our-side\/\"]}]},{\"@type\":\"ImageObject\",\"inLanguage\":\"en-US\",\"@id\":\"https:\/\/wim.no\/anbefalt-litteratur\/53-islam-og-samfunn\/148-with-god-on-our-side\/#primaryimage\",\"url\":\"https:\/\/wim.no\/wp-content\/uploads\/2025\/04\/withgodonourside.jpg\",\"contentUrl\":\"https:\/\/wim.no\/wp-content\/uploads\/2025\/04\/withgodonourside.jpg\",\"width\":487,\"height\":651},{\"@type\":\"BreadcrumbList\",\"@id\":\"https:\/\/wim.no\/anbefalt-litteratur\/53-islam-og-samfunn\/148-with-god-on-our-side\/#breadcrumb\",\"itemListElement\":[{\"@type\":\"ListItem\",\"position\":1,\"name\":\"Home\",\"item\":\"https:\/\/wim.no\/en\/\"},{\"@type\":\"ListItem\",\"position\":2,\"name\":\"anbefalt-litteratur\",\"item\":\"https:\/\/wim.no\/anbefalt-litteratur\/%category%\/\"},{\"@type\":\"ListItem\",\"position\":3,\"name\":\"Med Gud p\u00e5 v\u00e5r side\"}]},{\"@type\":\"WebSite\",\"@id\":\"https:\/\/wim.no\/#website\",\"url\":\"https:\/\/wim.no\/\",\"name\":\"Wim.no\",\"description\":\"World Islamic Mission\",\"publisher\":{\"@id\":\"https:\/\/wim.no\/#organization\"},\"potentialAction\":[{\"@type\":\"SearchAction\",\"target\":{\"@type\":\"EntryPoint\",\"urlTemplate\":\"https:\/\/wim.no\/?s={search_term_string}\"},\"query-input\":{\"@type\":\"PropertyValueSpecification\",\"valueRequired\":true,\"valueName\":\"search_term_string\"}}],\"inLanguage\":\"en-US\"},{\"@type\":\"Organization\",\"@id\":\"https:\/\/wim.no\/#organization\",\"name\":\"Wim.no\",\"url\":\"https:\/\/wim.no\/\",\"logo\":{\"@type\":\"ImageObject\",\"inLanguage\":\"en-US\",\"@id\":\"https:\/\/wim.no\/#\/schema\/logo\/image\/\",\"url\":\"https:\/\/wim.no\/wp-content\/uploads\/2025\/01\/wim-logo-1.svg\",\"contentUrl\":\"https:\/\/wim.no\/wp-content\/uploads\/2025\/01\/wim-logo-1.svg\",\"width\":150,\"height\":85,\"caption\":\"Wim.no\"},\"image\":{\"@id\":\"https:\/\/wim.no\/#\/schema\/logo\/image\/\"}}]}<\/script>\n<!-- \/ Yoast SEO Premium plugin. -->","yoast_head_json":{"title":"Med Gud p\u00e5 v\u00e5r side - Wim.no","robots":{"index":"index","follow":"follow","max-snippet":"max-snippet:-1","max-image-preview":"max-image-preview:large","max-video-preview":"max-video-preview:-1"},"canonical":"https:\/\/wim.no\/anbefalt-litteratur\/53-islam-og-samfunn\/148-with-god-on-our-side\/","og_locale":"en_US","og_type":"article","og_title":"Med Gud p\u00e5 v\u00e5r side","og_description":"Med Gud p\u00e5 v\u00e5r side I \u00abkrigen mot terrorisme\u00bb tror alle at de har Gud p\u00e5 sin side. Osama bin Laden p\u00e5kaller jevnlig Gud, slik president George Bush gj\u00f8r. Mens [&hellip;]","og_url":"https:\/\/wim.no\/anbefalt-litteratur\/53-islam-og-samfunn\/148-with-god-on-our-side\/","og_site_name":"Wim.no","article_modified_time":"2025-05-23T11:28:59+00:00","og_image":[{"width":487,"height":651,"url":"https:\/\/wim.no\/wp-content\/uploads\/2025\/04\/withgodonourside.jpg","type":"image\/jpeg"}],"twitter_card":"summary_large_image","twitter_misc":{"Est. reading time":"1 minute"},"schema":{"@context":"https:\/\/schema.org","@graph":[{"@type":"WebPage","@id":"https:\/\/wim.no\/anbefalt-litteratur\/53-islam-og-samfunn\/148-with-god-on-our-side\/","url":"https:\/\/wim.no\/anbefalt-litteratur\/53-islam-og-samfunn\/148-with-god-on-our-side\/","name":"Med Gud p\u00e5 v\u00e5r side - Wim.no","isPartOf":{"@id":"https:\/\/wim.no\/#website"},"primaryImageOfPage":{"@id":"https:\/\/wim.no\/anbefalt-litteratur\/53-islam-og-samfunn\/148-with-god-on-our-side\/#primaryimage"},"image":{"@id":"https:\/\/wim.no\/anbefalt-litteratur\/53-islam-og-samfunn\/148-with-god-on-our-side\/#primaryimage"},"thumbnailUrl":"https:\/\/wim.no\/wp-content\/uploads\/2025\/04\/withgodonourside.jpg","datePublished":"2025-04-21T19:58:36+00:00","dateModified":"2025-05-23T11:28:59+00:00","breadcrumb":{"@id":"https:\/\/wim.no\/anbefalt-litteratur\/53-islam-og-samfunn\/148-with-god-on-our-side\/#breadcrumb"},"inLanguage":"en-US","potentialAction":[{"@type":"ReadAction","target":["https:\/\/wim.no\/anbefalt-litteratur\/53-islam-og-samfunn\/148-with-god-on-our-side\/"]}]},{"@type":"ImageObject","inLanguage":"en-US","@id":"https:\/\/wim.no\/anbefalt-litteratur\/53-islam-og-samfunn\/148-with-god-on-our-side\/#primaryimage","url":"https:\/\/wim.no\/wp-content\/uploads\/2025\/04\/withgodonourside.jpg","contentUrl":"https:\/\/wim.no\/wp-content\/uploads\/2025\/04\/withgodonourside.jpg","width":487,"height":651},{"@type":"BreadcrumbList","@id":"https:\/\/wim.no\/anbefalt-litteratur\/53-islam-og-samfunn\/148-with-god-on-our-side\/#breadcrumb","itemListElement":[{"@type":"ListItem","position":1,"name":"Home","item":"https:\/\/wim.no\/en\/"},{"@type":"ListItem","position":2,"name":"anbefalt-litteratur","item":"https:\/\/wim.no\/anbefalt-litteratur\/%category%\/"},{"@type":"ListItem","position":3,"name":"Med Gud p\u00e5 v\u00e5r side"}]},{"@type":"WebSite","@id":"https:\/\/wim.no\/#website","url":"https:\/\/wim.no\/","name":"Wim.no","description":"World Islamic Mission","publisher":{"@id":"https:\/\/wim.no\/#organization"},"potentialAction":[{"@type":"SearchAction","target":{"@type":"EntryPoint","urlTemplate":"https:\/\/wim.no\/?s={search_term_string}"},"query-input":{"@type":"PropertyValueSpecification","valueRequired":true,"valueName":"search_term_string"}}],"inLanguage":"en-US"},{"@type":"Organization","@id":"https:\/\/wim.no\/#organization","name":"Wim.no","url":"https:\/\/wim.no\/","logo":{"@type":"ImageObject","inLanguage":"en-US","@id":"https:\/\/wim.no\/#\/schema\/logo\/image\/","url":"https:\/\/wim.no\/wp-content\/uploads\/2025\/01\/wim-logo-1.svg","contentUrl":"https:\/\/wim.no\/wp-content\/uploads\/2025\/01\/wim-logo-1.svg","width":150,"height":85,"caption":"Wim.no"},"image":{"@id":"https:\/\/wim.no\/#\/schema\/logo\/image\/"}}]}},"_links":{"self":[{"href":"https:\/\/wim.no\/en\/wp-json\/wp\/v2\/anbefalt-litteratur\/8287","targetHints":{"allow":["GET"]}}],"collection":[{"href":"https:\/\/wim.no\/en\/wp-json\/wp\/v2\/anbefalt-litteratur"}],"about":[{"href":"https:\/\/wim.no\/en\/wp-json\/wp\/v2\/types\/anbefalt-litteratur"}],"author":[{"embeddable":true,"href":"https:\/\/wim.no\/en\/wp-json\/wp\/v2\/users\/11"}],"wp:featuredmedia":[{"embeddable":true,"href":"https:\/\/wim.no\/en\/wp-json\/wp\/v2\/media\/8288"}],"wp:attachment":[{"href":"https:\/\/wim.no\/en\/wp-json\/wp\/v2\/media?parent=8287"}],"wp:term":[{"taxonomy":"category","embeddable":true,"href":"https:\/\/wim.no\/en\/wp-json\/wp\/v2\/categories?post=8287"}],"curies":[{"name":"wp","href":"https:\/\/api.w.org\/{rel}","templated":true}]}}

Med Gud på vår side

<div class="page-header">
<h1>Med Gud på vår side</h1>
<p><img fetchpriority="high" decoding="async" class="alignnone size-medium wp-image-8288" src="https://sysinn.net/wim.no/wp-content/uploads/2025/04/withgodonourside-224x300.jpg" alt="" width="224" height="300" srcset="https://wim.no/wp-content/uploads/2025/04/withgodonourside-224x300.jpg 224w, https://wim.no/wp-content/uploads/2025/04/withgodonourside.jpg 487w" sizes="(max-width: 224px) 100vw, 224px" /></p>
<p>I «krigen mot terrorisme» tror alle at de har Gud på sin side. Osama bin Laden påkaller jevnlig Gud, slik president George Bush gjør. Mens Bush ser verden i termer av «godt» og «ondt» og regelmessig uttrykker utenrikspolitikk i teologiske termer, mener Bin Laden at han kjemper en global jihad mot islams korsfarerfiender.</p>
<p>Når religion brukes til å konstruere et svart-hvitt verdensbilde, kan en slik overforenkling gi opphav til radikale ideologier, noe de ekstremistiske evangeliske utkantene av kristendom og islam har bevist. Mainstream-muslimer og kristne har uttrykt stor bekymring over presidentens nærhet til den kristne høyresiden – som stemte i millionvis for president Bushs gjenvalg – og spesielt over evangeliske ledere som pastor Franklin Graham, som ser islam og kristendom som skjebnebestemt «til å kjempe mot hverandre frem til Kristi gjenkomst».</p>
<p>With God on Our Side gir en kritikk av den nykonservative bevegelsen og utforsker naturen til deres uhellige allianse med den evangeliske kristne høyresiden. Den undersøker de politiske konsekvensene av denne fornyede evangeliseringen i forhold til Israel og virkningen for fred i Midtøsten. Den forsøker også å forstå de nåværende manifestasjonene av muslimsk ekstremisme i verden.</p>
</div>

<!-- This site is optimized with the Yoast SEO Premium plugin v25.4 (Yoast SEO v26.6) - https://yoast.com/wordpress/plugins/seo/ -->
<title>Med Gud på vår side - Wim.no</title>
<meta name="robots" content="index, follow, max-snippet:-1, max-image-preview:large, max-video-preview:-1" />
<link rel="canonical" href="https://wim.no/anbefalt-litteratur/53-islam-og-samfunn/148-with-god-on-our-side/" />
<meta property="og:locale" content="en_US" />
<meta property="og:type" content="article" />
<meta property="og:title" content="Med Gud på vår side" />
<meta property="og:description" content="Med Gud på vår side I «krigen mot terrorisme» tror alle at de har Gud på sin side. Osama bin Laden påkaller jevnlig Gud, slik president George Bush gjør. Mens [&hellip;]" />
<meta property="og:url" content="https://wim.no/anbefalt-litteratur/53-islam-og-samfunn/148-with-god-on-our-side/" />
<meta property="og:site_name" content="Wim.no" />
<meta property="article:modified_time" content="2025-05-23T11:28:59+00:00" />
<meta property="og:image" content="https://wim.no/wp-content/uploads/2025/04/withgodonourside.jpg" />
	<meta property="og:image:width" content="487" />
	<meta property="og:image:height" content="651" />
	<meta property="og:image:type" content="image/jpeg" />
<meta name="twitter:card" content="summary_large_image" />
<meta name="twitter:label1" content="Est. reading time" />
	<meta name="twitter:data1" content="1 minute" />
<script type="application/ld+json" class="yoast-schema-graph">{"@context":"https://schema.org","@graph":[{"@type":"WebPage","@id":"https://wim.no/anbefalt-litteratur/53-islam-og-samfunn/148-with-god-on-our-side/","url":"https://wim.no/anbefalt-litteratur/53-islam-og-samfunn/148-with-god-on-our-side/","name":"Med Gud på vår side - Wim.no","isPartOf":{"@id":"https://wim.no/#website"},"primaryImageOfPage":{"@id":"https://wim.no/anbefalt-litteratur/53-islam-og-samfunn/148-with-god-on-our-side/#primaryimage"},"image":{"@id":"https://wim.no/anbefalt-litteratur/53-islam-og-samfunn/148-with-god-on-our-side/#primaryimage"},"thumbnailUrl":"https://wim.no/wp-content/uploads/2025/04/withgodonourside.jpg","datePublished":"2025-04-21T19:58:36+00:00","dateModified":"2025-05-23T11:28:59+00:00","breadcrumb":{"@id":"https://wim.no/anbefalt-litteratur/53-islam-og-samfunn/148-with-god-on-our-side/#breadcrumb"},"inLanguage":"en-US","potentialAction":[{"@type":"ReadAction","target":["https://wim.no/anbefalt-litteratur/53-islam-og-samfunn/148-with-god-on-our-side/"]}]},{"@type":"ImageObject","inLanguage":"en-US","@id":"https://wim.no/anbefalt-litteratur/53-islam-og-samfunn/148-with-god-on-our-side/#primaryimage","url":"https://wim.no/wp-content/uploads/2025/04/withgodonourside.jpg","contentUrl":"https://wim.no/wp-content/uploads/2025/04/withgodonourside.jpg","width":487,"height":651},{"@type":"BreadcrumbList","@id":"https://wim.no/anbefalt-litteratur/53-islam-og-samfunn/148-with-god-on-our-side/#breadcrumb","itemListElement":[{"@type":"ListItem","position":1,"name":"Home","item":"https://wim.no/en/"},{"@type":"ListItem","position":2,"name":"anbefalt-litteratur","item":"https://wim.no/anbefalt-litteratur/%category%/"},{"@type":"ListItem","position":3,"name":"Med Gud på vår side"}]},{"@type":"WebSite","@id":"https://wim.no/#website","url":"https://wim.no/","name":"Wim.no","description":"World Islamic Mission","publisher":{"@id":"https://wim.no/#organization"},"potentialAction":[{"@type":"SearchAction","target":{"@type":"EntryPoint","urlTemplate":"https://wim.no/?s={search_term_string}"},"query-input":{"@type":"PropertyValueSpecification","valueRequired":true,"valueName":"search_term_string"}}],"inLanguage":"en-US"},{"@type":"Organization","@id":"https://wim.no/#organization","name":"Wim.no","url":"https://wim.no/","logo":{"@type":"ImageObject","inLanguage":"en-US","@id":"https://wim.no/#/schema/logo/image/","url":"https://wim.no/wp-content/uploads/2025/01/wim-logo-1.svg","contentUrl":"https://wim.no/wp-content/uploads/2025/01/wim-logo-1.svg","width":150,"height":85,"caption":"Wim.no"},"image":{"@id":"https://wim.no/#/schema/logo/image/"}}]}</script>
<!-- / Yoast SEO Premium plugin. -->

Med Gud på vår side - Wim.no

Med Gud på vår side I «krigen mot terrorisme» tror alle at de har Gud på sin side. Osama bin Laden påkaller jevnlig Gud, slik president George Bush gjør. Mens [&hellip;]
